f 278?
True
Does 258 divide 98189?
False
Is 120 a factor of 36600?
True
Is 13 a factor of 187812?
False
Is 6034614 a multiple of 842?
True
Is 184951 a multiple of 13?
True
Does 35 divide 247060?
False
Is 315944 a multiple of 36?
False
Is 11259043 a multiple of 38?
False
Is 14 a factor of 550793?
False
Is 14 a factor of 481936?
True
Is 15 a factor of 4850820?
True
Does 59 divide 230046?
False
Is 2262624 a multiple of 104?
True
Is 19 a factor of 1307704?
False
Is 1857353 a multiple of 6?
False
Is 121608 a multiple of 54?
True
Is 7340340 a multiple of 60?
True
Is 476376 a multiple of 23?
True
Does 27 divide 371169?
True
Does 558 divide 4171746?
False
Is 1451450 a multiple of 91?
True
Is 575892 a multiple of 7?
False
Is 27492 a multiple of 12?
True
Does 231 divide 4844083?
False
Does 41 divide 630744?
True
Does 595 divide 1043533?
False
Is 80 a factor of 4281386?
False
Is 6 a factor of 126975?
False
Does 124 divide 351620?
False
Is 121 a factor of 64372?
True
Is 12710250 a multiple of 1125?
True
Is 588 a multiple of 49?
True
Is 36 a factor of 1623974?
False
Does 31 divide 96316?
False
Does 764 divide 33616?
True
Is 3 a factor of 710076?
True
Is 53941 a multiple of 167?
True
Is 63294 a multiple of 154?
True
Is 122748 a multiple of 176?
False
Is 5170824 a multiple of 37?
True
Is 151884 a multiple of 36?
True
Does 19 divide 54871?
False
Does 11 divide 26392?
False
Does 7 divide 9953?
False
Does 21 divide 154802?
False
Is 148 a factor of 720944?
False
Does 33 divide 51612?
True
Is 134 a factor of 14731156?
True
Is 713049 a multiple of 14?
False
Does 585 divide 1939275?
True
Does 34 divide 889304?
True
Does 139 divide 62967?
True
Is 306202 a multiple of 26?
True
Does 20 divide 18320?
True
Is 15413960 a multiple of 14?
False
Is 2281473 a multiple of 110?
False
Is 440 a factor of 1836746?
False
Is 5213807 a multiple of 31?
False
Is 11 a factor of 266838?
True
Is 2474300 a multiple of 436?
True
Is 2597928 a multiple of 103?
False
Is 7272 a multiple of 2?
True
Is 14 a factor of 5546748?
False
Is 1162 a factor of 1967266?
True
Is 80 a factor of 270785?
False
Does 242 divide 3907332?
True
Does 33 divide 288090?
True
Is 595245 a multiple of 15?
True
Is 18479 a multiple of 17?
True
Is 77 a factor of 431008?
False
Is 2425140 a multiple of 162?
True
Is 27 a factor of 2113?
False
Is 339552 a multiple of 524?
True
Does 10 divide 469251?
False
Is 110574 a multiple of 19?
False
Is 15 a factor of 27611565?
True
Does 33 divide 281597?
False
Does 5 divide 449177?
False
Is 21 a factor of 275667?
True
Is 516739 a multiple of 9?
False
Is 369 a factor of 73933?
False
Is 5138640 a multiple of 27?
True
Is 175 a factor of 594899?
False
Is 9234939 a multiple of 9?
False
Does 77 divide 4408?
False
Does 13 divide 691574?
True
Does 1388 divide 3522542?
False
Does 23 divide 114908?
True
Does 20 divide 68101?
False
Does 545 divide 21886?
False
Is 101920 a multiple of 56?
True
Does 20 divide 52780?
True
Is 4101549 a multiple of 7?
False
Is 23 a factor of 2243761?
False
Is 22128 a multiple of 4?
True
Is 867100 a multiple of 580?
True
Is 597408 a multiple of 112?
True
Does 254 divide 937767?
False
Is 192 a factor of 568512?
True
Is 63268 a multiple of 19?
False
Does 7 divide 13996?
False
Is 157484 a multiple of 263?
False
Is 4079649 a multiple of 21?
True
Does 574 divide 3376109?
False
Does 28 divide 770187?
False
Does 53 divide 330296?
True
Is 91633 a multiple of 52?
False
Does 51 divide 316594?
False
Is 11592 a multiple of 4?
True
Is 2405471 a multiple of 742?
False
Does 58 divide 2331078?
True
Is 235 a factor of 977873?
False
Does 15 divide 9978840?
True
Is 534713 a multiple of 17?
False
Is 437 a factor of 789087?
False
Is 32 a factor of 39840?
True
Is 156 a factor of 295127?
False
Is 83 a factor of 357730?
True
Is 306 a factor of 1477062?
True
Is 444 a factor of 1074036?
True
Is 594498 a multiple of 17?
False
Does 104 divide 1078059?
False
Does 32 divide 91136?
True
Is 619906 a multiple of 46?
False
Does 140 divide 1935360?
True
Is 114416 a multiple of 3?
False
Does 235 divide 2697164?
False
Does 39 divide 1527786?
True
Is 10690470 a multiple of 315?
True
Is 20 a factor of 7094918?
False
Is 373467 a multiple of 99?
False
Does 362 divide 1614706?
False
Is 166656 a multiple of 84?
True
Is 218 a factor of 7464539?
False
Is 3779820 a multiple of 5?
True
Does 53 divide 168911?
True
Does 23 divide 5197479?
False
Is 153337 a multiple of 9?
False
Is 13 a factor of 1852706?
False
Is 554 a factor of 240263?
False
Is 17043444 a multiple of 396?
True
Is 45 a factor of 555975?
True
Is 184 a factor of 3180256?
True
Does 160 divide 4357255?
False
Does 167 divide 840546?
False
Does 31 divide 19034?
True
Does 491 divide 818988?
True
Is 16703377 a multiple of 231?
False
Does 388 divide 1547650?
False
Is 304056 a multiple of 369?
True
Is 11 a factor of 560190?
False
Is 622 a factor of 616689?
False
Does 119 divide 15946?
True
Is 7 a factor of 8386?
True
Does 110 divide 421190?
True
Is 17 a factor of 6849?
False
Is 78540 a multiple of 17?
True
Is 25761978 a multiple of 36?
False
Is 273 a factor of 115444?
False
Does 26 divide 7424846?
True
Is 12 a factor of 1769040?
True
Is 3 a factor of 3616?
False
Is 234728 a multiple of 122?
True
Does 45 divide 3053790?
True
Is 73 a factor of 76358?
True
Is 457 a factor of 1881256?
False
Does 670 divide 734990?
True
Is 11 a factor of 156618?
True
Does 90 divide 2096370?
True
Is 2708582 a multiple of 11?
False
Is 924 a factor of 8873?
False
Does 76 divide 624492?
True
Is 33 a factor of 635958?
False
Is 6 a factor of 57553?
False
Is 154 a factor of 2714406?
False
Is 68 a factor of 5051499?
False
Is 5419520 a multiple of 40?
True
Is 72756 a multiple of 66?
False
Is 98845 a multiple of 2?
False
Does 44 divide 19676052?
True
Is 23 a factor of 28520?
True
Does 131 divide 3895730?
False
Is 4422033 a multiple of 567?
True
Is 4708613 a multiple of 91?
True
Is 523379 a multiple of 17?
True
Is 178 a factor of 164643?
False
Does 59 divide 99684?
False
Is 11 a factor of 104830?
True
Does 274 divide 4134934?
True
Is 88758 a multiple of 87?
False
Does 286 divide 443776?
False
Is 19 a factor of 2258720?
True
Is 1049877 a multiple of 213?
True
Does 149 divide 1033971?
False
Does 31 divide 159247?
True
Is 271180 a multiple of 91?
True
Is 580866 a multiple of 2?
True
Is 1120634 a multiple of 242?
False
Is 469 a factor of 6097?
True
Is 511076 a multiple of 12?
False
Does 9 divide 316746?
True
Does 83 divide 359556?
True
Is 322920 a multiple of 108?
True
Is 24 a factor of 76872?
True
Is 93 a factor of 448433?
False
Is 12 a factor of 3512172?
True
Does 193 divide 1169159?
False
Is 46 a factor of 14181617?
False
Is 21252 a multiple of 132?
True
Does 216 divide 4016982?
False
Does 319 divide 4466?
True
Does 116 divide 21557828?
False
Is 703 a factor of 2136417?
True
Is 101333 a multiple of 103?
False
Does 58 divide 2795484?
True
Is 2941390 a multiple of 189?
False
Does 125 divide 453570?
False
Does 285 divide 137603?
False
Is 10 a factor of 97690?
True
Does 205 divide 200298?
False
Is 43 a factor of 47366?
False
Is 36 a factor of 4171063?
False
Does 855 divide 26991952?
False
Is 20992 a multiple of 16?
True
Is 8326375 a multiple of 125?
True
Is 125894 a multiple of 38?
True
Is 1900990 a multiple of 70?
True
Is 4 a factor of 14395?
False
Is 15 a factor of 992235?
True
Does 11 divide 196592?
True
Does 712 divide 4667872?
True
Is 1295758 a multiple of 47?
False
Does 173 divide 73938?
False
Is 271 a factor of 587799?
True
Is 138 a factor of 576503?
False
Does 34 divide 1948438?
True
Is 773628 a multiple of 138?
True
Is 365 a factor of 219609?
False
Is 1114582 a multiple of 14?
True
Is 30 a factor of 1286745?
False
Does 1771 divide 4592100?
False
Does 117 divide 5162235?
False
Is 191 a factor of 429941?
True
Is 21 a factor of 529305?
True
Does 213 divide 224208?
False
Is 180 a factor of 1851480?
True
Is 10934309 a multiple of 906?
False
Is 1443075 a multiple of 1065?
True
Does 42 divide 2960286?
True
Is 1042817 a multiple of 82?
False
Does 13 divide 3374226?
False
Is 116 a factor of 2842348?
True
Is 82638 a multiple of 81?
False
Is 46899 a multiple of 24?
False
Does 139 divide 6678396?
False
Does 26 divide 1314733?
False
Is 807904 a multiple of 152?
False
Does 77 divide 1152536?
True
Is 